{"id":168,"date":"2020-04-03T17:21:19","date_gmt":"2020-04-03T15:21:19","guid":{"rendered":"https:\/\/ateliers.blopinterjection.com\/?page_id=168"},"modified":"2020-04-07T12:32:20","modified_gmt":"2020-04-07T10:32:20","slug":"le-ruban-vert","status":"publish","type":"page","link":"https:\/\/ateliers.blopinterjection.com\/index.php\/le-ruban-vert\/","title":{"rendered":"Les M\u00e9diateurs ruban vert"},"content":{"rendered":"\n<p>Pendant l&rsquo;ann\u00e9e scolaire 2017\/2018, nous avons travaill\u00e9 une quinzaine d&rsquo;heures avec le groupe des \u00e9l\u00e8ves m\u00e9diateurs du coll\u00e8ge de La Br\u00e8de, en Gironde, pour la conception, l&rsquo;\u00e9criture, la mise en sc\u00e8ne et la r\u00e9alisation d&rsquo;un film promotionnel de pr\u00e9sentation du dispositif des M\u00e9diateurs Ruban Vert, \u00e0 destination des \u00e9l\u00e8ves de primaire et des parents d&rsquo;\u00e9l\u00e8ves de La Br\u00e8de.<\/p>\n\n\n\n<p>Le dispositif de m\u00e9diateurs Ruban Vert est un dispositif encadr\u00e9 par la Conseill\u00e8re Principale d&rsquo;Education auquel participent des \u00e9l\u00e8ves du coll\u00e8ge et qui propose la r\u00e9solution des conflits entre les \u00e9l\u00e8ves par leurs pairs. Les \u00e9l\u00e8ves participant \u00e0 ce dispositif sont form\u00e9s en d\u00e9but d&rsquo;ann\u00e9e \u00e0 la r\u00e9solution de conflit et disposent d&rsquo;un local propre dans lequel ils peuvent recevoir les \u00e9l\u00e8ves concern\u00e9s par des situations conflictuelles.<\/p>\n\n\n\n<p>L&rsquo;id\u00e9e centrale tenait en quatre points :<\/p>\n\n\n\n<p>&#8211; Au-del\u00e0 de la n\u00e9cessaire dimension informative qui devait \u00eatre la marque principale du film, le sc\u00e9nario \u00e9tabli \u00e0 partir de situations de conflits vraisemblables, \u00e9tait trait\u00e9s selon un mode humoristique et d\u00e9cal\u00e9.<\/p>\n\n\n\n<p>&#8211; L&rsquo;i\u00e9de \u00e9tait de proposer des fausses pistes pour mieux en d\u00e9monter les m\u00e9canismes et aboutir \u00e0 la r\u00e9alit\u00e9 de ce que sont les m\u00e9diateurs Ruban Vert dans le coll\u00e8ge.<\/p>\n\n\n\n<p>&#8211; Favoriser l&rsquo;utilisation de la technique dite de la&nbsp;cam\u00e9ra subjective. D&rsquo;une part, une grande partie des plants \u00e9tait con\u00e7ue de fa\u00e7on \u00e0 ce que la cam\u00e9ra figure l&rsquo;\u0153il du m\u00e9diateur.<\/p>\n\n\n\n<p>&#8211; Utiliser des techniques de tournage&nbsp;<em>In situ&nbsp;:&nbsp;<\/em>en situation, cam\u00e9ra \u00e0 l&rsquo;\u00e9paule, pour une r\u00e9alisation en mouvement plus nerveuse et plus \u00ab&nbsp;punchy&nbsp;\u00bb, comme si le spectateur \u00e9tait au c\u0153ur de l&rsquo;action.<\/p>\n\n\n\n<p>Le film promotionnel qui en a r\u00e9sult\u00e9, d&rsquo;une dur\u00e9e de 5 minutes a \u00e9t\u00e9 tourn\u00e9 et r\u00e9alis\u00e9 et mont\u00e9 par Joy Boutines. Les \u00e9l\u00e8ves m\u00e9diateurs en ont \u00e9t\u00e9 les principaux acteurs.<\/p>\n","protected":false},"excerpt":{"rendered":"<p>Pendant l&rsquo;ann\u00e9e scolaire 2017\/2018, nous avons travaill\u00e9 une quinzaine d&rsquo;heures avec le groupe des \u00e9l\u00e8ves m\u00e9diateurs du coll\u00e8ge de La Br\u00e8de, en Gironde, pour la conception, l&rsquo;\u00e9criture, la mise en sc\u00e8ne et la r\u00e9alisation d&rsquo;un film promotionnel de pr\u00e9sentation du<\/p>\n","protected":false},"author":4,"featured_media":0,"parent":0,"menu_order":0,"comment_status":"closed","ping_status":"closed","template":"","meta":{"footnotes":""},"class_list":["post-168","page","type-page","status-publish","hentry"],"_links":{"self":[{"href":"https:\/\/ateliers.blopinterjection.com\/index.php\/wp-json\/wp\/v2\/pages\/168"}],"collection":[{"href":"https:\/\/ateliers.blopinterjection.com\/index.php\/wp-json\/wp\/v2\/pages"}],"about":[{"href":"https:\/\/ateliers.blopinterjection.com\/index.php\/wp-json\/wp\/v2\/types\/page"}],"author":[{"embeddable":true,"href":"https:\/\/ateliers.blopinterjection.com\/index.php\/wp-json\/wp\/v2\/users\/4"}],"replies":[{"embeddable":true,"href":"https:\/\/ateliers.blopinterjection.com\/index.php\/wp-json\/wp\/v2\/comments?post=168"}],"version-history":[{"count":4,"href":"https:\/\/ateliers.blopinterjection.com\/index.php\/wp-json\/wp\/v2\/pages\/168\/revisions"}],"predecessor-version":[{"id":314,"href":"https:\/\/ateliers.blopinterjection.com\/index.php\/wp-json\/wp\/v2\/pages\/168\/revisions\/314"}],"wp:attachment":[{"href":"https:\/\/ateliers.blopinterjection.com\/index.php\/wp-json\/wp\/v2\/media?parent=168"}],"curies":[{"name":"wp","href":"https:\/\/api.w.org\/{rel}","templated":true}]}}