{"id":341,"date":"2020-09-14T10:47:26","date_gmt":"2020-09-14T08:47:26","guid":{"rendered":"https:\/\/ateliers.blopinterjection.com\/?page_id=341"},"modified":"2020-09-14T11:05:34","modified_gmt":"2020-09-14T09:05:34","slug":"ateliers-musique","status":"publish","type":"page","link":"https:\/\/ateliers.blopinterjection.com\/index.php\/ateliers-musique\/","title":{"rendered":"Ateliers musique"},"content":{"rendered":"\n<p>Depuis 2019, le Collectif blOp (interjection) propose plusieurs ateliers musique, l&rsquo;un d\u00e9bouchant sur une formation \u00e0 huit musiciens, <em><a href=\"https:\/\/ateliers.blopinterjection.com\/index.php\/les-barre-e-s-point-barre\/\">Les Barr\u00e9.e.s, point barre<\/a><\/em>, et les autres, regroup\u00e9s sous le titre <em><a href=\"https:\/\/ateliers.blopinterjection.com\/index.php\/cordes-sur-table\/\">Cordes sur table<\/a><\/em>, sur des petites formes (duo, trio, quatuor).<\/p>\n\n\n\n<p>Ces deux s\u00e9ries d&rsquo;ateliers sont tourn\u00e9s vers la guitare acoustique et instruments assimil\u00e9s (ukulele, banjo, etc)<\/p>\n\n\n\n<p>Les participants aux diff\u00e9rents ateliers sont\u00a0adh\u00e9rents au Collectif blOp (interjection).<\/p>\n\n\n\n<p>Une participation \u00e0 l&rsquo;atelier de 40\u20ac\/mois est demand\u00e9e \u00e0 chaque participant afin de participer au financement du co\u00fbt de r\u00e9alisation.<\/p>\n","protected":false},"excerpt":{"rendered":"<p>Depuis 2019, le Collectif blOp (interjection) propose plusieurs ateliers musique, l&rsquo;un d\u00e9bouchant sur une formation \u00e0 huit musiciens, Les Barr\u00e9.e.s, point barre, et les autres, regroup\u00e9s sous le titre Cordes sur table, sur des petites formes (duo, trio, quatuor). Ces<\/p>\n","protected":false},"author":4,"featured_media":0,"parent":0,"menu_order":0,"comment_status":"closed","ping_status":"closed","template":"","meta":{"footnotes":""},"class_list":["post-341","page","type-page","status-publish","hentry"],"_links":{"self":[{"href":"https:\/\/ateliers.blopinterjection.com\/index.php\/wp-json\/wp\/v2\/pages\/341"}],"collection":[{"href":"https:\/\/ateliers.blopinterjection.com\/index.php\/wp-json\/wp\/v2\/pages"}],"about":[{"href":"https:\/\/ateliers.blopinterjection.com\/index.php\/wp-json\/wp\/v2\/types\/page"}],"author":[{"embeddable":true,"href":"https:\/\/ateliers.blopinterjection.com\/index.php\/wp-json\/wp\/v2\/users\/4"}],"replies":[{"embeddable":true,"href":"https:\/\/ateliers.blopinterjection.com\/index.php\/wp-json\/wp\/v2\/comments?post=341"}],"version-history":[{"count":4,"href":"https:\/\/ateliers.blopinterjection.com\/index.php\/wp-json\/wp\/v2\/pages\/341\/revisions"}],"predecessor-version":[{"id":351,"href":"https:\/\/ateliers.blopinterjection.com\/index.php\/wp-json\/wp\/v2\/pages\/341\/revisions\/351"}],"wp:attachment":[{"href":"https:\/\/ateliers.blopinterjection.com\/index.php\/wp-json\/wp\/v2\/media?parent=341"}],"curies":[{"name":"wp","href":"https:\/\/api.w.org\/{rel}","templated":true}]}}