{"id":4339,"date":"2022-12-21T12:18:06","date_gmt":"2022-12-21T11:18:06","guid":{"rendered":"https:\/\/ateliers.blopinterjection.com\/?page_id=4339"},"modified":"2024-11-06T12:02:44","modified_gmt":"2024-11-06T11:02:44","slug":"marathon-des-arts-college-manon-cormier-a-bassens","status":"publish","type":"page","link":"https:\/\/ateliers.blopinterjection.com\/index.php\/marathon-des-arts-college-manon-cormier-a-bassens\/","title":{"rendered":"Marathon des arts &#8211; Coll\u00e8ge Manon Cormier \u00e0 Bassens"},"content":{"rendered":"\n<p>Depuis janvier 2022, nous intervenons aupr\u00e8s de plusieurs classes du coll\u00e8ge Manon Cormier \u00e0 Bassens afin d&rsquo;aider les \u00e9l\u00e8ves et les enseignant.e.s \u00e0 mettre en sc\u00e8ne des sayn\u00e8tes qu&rsquo;il\/elles cr\u00e9ent dans le but de les pr\u00e9senter au public \u00e0 l&rsquo;occasion du Marathon des arts, une manifestation qui se d\u00e9roule dans l&rsquo;enceinte du coll\u00e8ge en mai, depuis plusieurs ann\u00e9es.<\/p>\n\n\n\n<p>En 2025, 5 classes seront concern\u00e9es, dont la classe de 3\u00e8me Euro qui regroupe des \u00e9l\u00e8ves hispanophones et une classe de 6\u00e8me SEGPA.<\/p>\n\n\n\n<p>Les repr\u00e9sentations se d\u00e9rouleront dans divers endroits du coll\u00e8ge le mardi 10 juin 2025 \u00e0 partir de 18h.<\/p>\n","protected":false},"excerpt":{"rendered":"<p>Depuis janvier 2022, nous intervenons aupr\u00e8s de plusieurs classes du coll\u00e8ge Manon Cormier \u00e0 Bassens afin d&rsquo;aider les \u00e9l\u00e8ves et les enseignant.e.s \u00e0 mettre en sc\u00e8ne des sayn\u00e8tes qu&rsquo;il\/elles cr\u00e9ent dans le but de les pr\u00e9senter au public \u00e0 l&rsquo;occasion<\/p>\n","protected":false},"author":4,"featured_media":0,"parent":0,"menu_order":0,"comment_status":"closed","ping_status":"closed","template":"","meta":{"footnotes":""},"class_list":["post-4339","page","type-page","status-publish","hentry"],"_links":{"self":[{"href":"https:\/\/ateliers.blopinterjection.com\/index.php\/wp-json\/wp\/v2\/pages\/4339"}],"collection":[{"href":"https:\/\/ateliers.blopinterjection.com\/index.php\/wp-json\/wp\/v2\/pages"}],"about":[{"href":"https:\/\/ateliers.blopinterjection.com\/index.php\/wp-json\/wp\/v2\/types\/page"}],"author":[{"embeddable":true,"href":"https:\/\/ateliers.blopinterjection.com\/index.php\/wp-json\/wp\/v2\/users\/4"}],"replies":[{"embeddable":true,"href":"https:\/\/ateliers.blopinterjection.com\/index.php\/wp-json\/wp\/v2\/comments?post=4339"}],"version-history":[{"count":2,"href":"https:\/\/ateliers.blopinterjection.com\/index.php\/wp-json\/wp\/v2\/pages\/4339\/revisions"}],"predecessor-version":[{"id":4352,"href":"https:\/\/ateliers.blopinterjection.com\/index.php\/wp-json\/wp\/v2\/pages\/4339\/revisions\/4352"}],"wp:attachment":[{"href":"https:\/\/ateliers.blopinterjection.com\/index.php\/wp-json\/wp\/v2\/media?parent=4339"}],"curies":[{"name":"wp","href":"https:\/\/api.w.org\/{rel}","templated":true}]}}